{"id":42374,"date":"2026-03-18T16:44:58","date_gmt":"2026-03-18T20:44:58","guid":{"rendered":"https:\/\/www.autoridadminera.gob.bo\/?post_type=comunicados&#038;p=42374"},"modified":"2026-03-18T16:50:53","modified_gmt":"2026-03-18T20:50:53","slug":"invitacion-rendicion-publica-de-cuentas-final-gestion-2025","status":"publish","type":"comunicados","link":"https:\/\/www.autoridadminera.gob.bo\/index.php\/comunicados\/invitacion-rendicion-publica-de-cuentas-final-gestion-2025\/","title":{"rendered":"Invitaci\u00f3n Rendici\u00f3n P\u00fablica de Cuentas Final \u2013 Gesti\u00f3n 2025"},"content":{"rendered":"\n<figure class=\"wp-block-image size-large\"><img loading=\"lazy\" decoding=\"async\" width=\"1024\" height=\"682\" src=\"https:\/\/www.autoridadminera.gob.bo\/wp-content\/uploads\/2026\/03\/Rendicion-Publica-de-Cuentas-Final-\u2013-Gestion-2025-1-1024x682.jpeg\" alt=\"\" class=\"wp-image-42393\" srcset=\"https:\/\/www.autoridadminera.gob.bo\/wp-content\/uploads\/2026\/03\/Rendicion-Publica-de-Cuentas-Final-\u2013-Gestion-2025-1-1024x682.jpeg 1024w, https:\/\/www.autoridadminera.gob.bo\/wp-content\/uploads\/2026\/03\/Rendicion-Publica-de-Cuentas-Final-\u2013-Gestion-2025-1-300x200.jpeg 300w, https:\/\/www.autoridadminera.gob.bo\/wp-content\/uploads\/2026\/03\/Rendicion-Publica-de-Cuentas-Final-\u2013-Gestion-2025-1-768x512.jpeg 768w, https:\/\/www.autoridadminera.gob.bo\/wp-content\/uploads\/2026\/03\/Rendicion-Publica-de-Cuentas-Final-\u2013-Gestion-2025-1-1536x1023.jpeg 1536w, https:\/\/www.autoridadminera.gob.bo\/wp-content\/uploads\/2026\/03\/Rendicion-Publica-de-Cuentas-Final-\u2013-Gestion-2025-1.jpeg 1600w\" sizes=\"auto, (max-width: 1024px) 100vw, 1024px\" \/><\/figure>\n","protected":false},"featured_media":0,"template":"","class_list":["post-42374","comunicados","type-comunicados","status-publish","hentry"],"acf":[],"_links":{"self":[{"href":"https:\/\/www.autoridadminera.gob.bo\/index.php\/wp-json\/wp\/v2\/comunicados\/42374","targetHints":{"allow":["GET"]}}],"collection":[{"href":"https:\/\/www.autoridadminera.gob.bo\/index.php\/wp-json\/wp\/v2\/comunicados"}],"about":[{"href":"https:\/\/www.autoridadminera.gob.bo\/index.php\/wp-json\/wp\/v2\/types\/comunicados"}],"wp:attachment":[{"href":"https:\/\/www.autoridadminera.gob.bo\/index.php\/wp-json\/wp\/v2\/media?parent=42374"}],"curies":[{"name":"wp","href":"https:\/\/api.w.org\/{rel}","templated":true}]}}

Invitación Rendición Pública de Cuentas Final – Gestión 2025
