{"id":309,"date":"2024-04-05T21:30:25","date_gmt":"2024-04-05T19:30:25","guid":{"rendered":"http:\/\/192.168.186.150\/pagina\/?page_id=309"},"modified":"2025-09-15T18:39:47","modified_gmt":"2025-09-15T22:39:47","slug":"declaracion-de-la-mision-vision-valores-y-principios-de-la-entidad","status":"publish","type":"page","link":"https:\/\/www.autoridadminera.gob.bo\/index.php\/declaracion-de-la-mision-vision-valores-y-principios-de-la-entidad\/","title":{"rendered":"MISI\u00d3N, VISI\u00d3N Y PRINCIPIOS"},"content":{"rendered":"\n<p><\/p>\n\n\n\n<h2 class=\"wp-block-heading has-medium-font-size\"><strong>Misi\u00f3n<\/strong><\/h2>\n\n\n\n<p>Somos una entidad aut\u00e1rquica encargada de la Direcci\u00f3n, Administraci\u00f3n Superior, Registro, Control y Fiscalizaci\u00f3n de la actividad minera, que precautela la seguridad t\u00e9cnica y jur\u00eddica y el adecuado manejo de los recursos mineral\u00f3gicos del Estado Boliviano.<\/p>\n\n\n\n<h2 class=\"wp-block-heading has-medium-font-size\"><strong>Visi\u00f3n<\/strong><\/h2>\n\n\n\n<p>Ser una entidad p\u00fablica estrat\u00e9gica, reconocida por garantizar la seguridad jur\u00eddica de Derechos Mineros y promover la defensa de los recursos mineral\u00f3gicos, contribuyendo al desarrollo econ\u00f3mico y social del pa\u00eds.<\/p>\n\n\n\n<h2 class=\"wp-block-heading has-medium-font-size\"><strong>Principios Constitucionales<\/strong><\/h2>\n\n\n\n<p>La AJAM se rige bajo principios establecidos por la Constituci\u00f3n Pol\u00edtica del Estado: ama qhilla, ama llulla y ama suwa.<\/p>\n\n\n\n<ul class=\"wp-block-list\"><\/ul>\n\n\n\n<h2 class=\"wp-block-heading has-medium-font-size\"><strong>Valores Institucionales<\/strong><\/h2>\n\n\n\n<ul class=\"wp-block-list\">\n<li>Respeto<\/li>\n\n\n\n<li>Calidad<\/li>\n\n\n\n<li>Complementariedad<\/li>\n\n\n\n<li>Imparcialidad<\/li>\n\n\n\n<li>Responsabilidad<\/li>\n\n\n\n<li>Eficiencia<\/li>\n\n\n\n<li>Compromiso<\/li>\n\n\n\n<li>Transparencia<\/li>\n\n\n\n<li>Solidaridad<\/li>\n\n\n\n<li>Honestidad<\/li>\n<\/ul>\n\n\n\n<p><\/p>\n","protected":false},"excerpt":{"rendered":"<p>Misi\u00f3n Somos una entidad aut\u00e1rquica encargada de la Direcci\u00f3n, Administraci\u00f3n Superior, Registro, Control y Fiscalizaci\u00f3n de la actividad minera, que precautela la seguridad t\u00e9cnica y jur\u00eddica y el adecuado manejo de los recursos mineral\u00f3gicos del Estado Boliviano. Visi\u00f3n Ser una entidad p\u00fablica estrat\u00e9gica, reconocida por garantizar la seguridad jur\u00eddica de Derechos Mineros y promover la [&hellip;]<\/p>\n","protected":false},"author":1,"featured_media":0,"parent":0,"menu_order":0,"comment_status":"closed","ping_status":"closed","template":"","meta":{"_acf_changed":false,"footnotes":""},"class_list":["post-309","page","type-page","status-publish","hentry"],"acf":[],"_links":{"self":[{"href":"https:\/\/www.autoridadminera.gob.bo\/index.php\/wp-json\/wp\/v2\/pages\/309","targetHints":{"allow":["GET"]}}],"collection":[{"href":"https:\/\/www.autoridadminera.gob.bo\/index.php\/wp-json\/wp\/v2\/pages"}],"about":[{"href":"https:\/\/www.autoridadminera.gob.bo\/index.php\/wp-json\/wp\/v2\/types\/page"}],"author":[{"embeddable":true,"href":"https:\/\/www.autoridadminera.gob.bo\/index.php\/wp-json\/wp\/v2\/users\/1"}],"replies":[{"embeddable":true,"href":"https:\/\/www.autoridadminera.gob.bo\/index.php\/wp-json\/wp\/v2\/comments?post=309"}],"version-history":[{"count":20,"href":"https:\/\/www.autoridadminera.gob.bo\/index.php\/wp-json\/wp\/v2\/pages\/309\/revisions"}],"predecessor-version":[{"id":18115,"href":"https:\/\/www.autoridadminera.gob.bo\/index.php\/wp-json\/wp\/v2\/pages\/309\/revisions\/18115"}],"wp:attachment":[{"href":"https:\/\/www.autoridadminera.gob.bo\/index.php\/wp-json\/wp\/v2\/media?parent=309"}],"curies":[{"name":"wp","href":"https:\/\/api.w.org\/{rel}","templated":true}]}}